-171
Let m(g) = -186*g - 1864. Calculate m(-10).
-4
Let a(r) = -4*r**2 - 361*r + 2210. What is a(6)?
-100
Let i(y) = 2*y**2 + 85*y - 34. Determine i(-45).
191
Let f(z) = 7*z**2 + 1329*z + 1187. Give f(-189).
53
Let s(h) = 147*h - 18370. Give s(125).
5
Let d(v) = 4102*v - 266623. Calculate d(65).
7
Let p(v) = -3*v**2 - 5*v + 2. Determine p(3).
-40
Let h(m) = -2*m**2 - 940*m - 47793. What is h(-412)?
-1
Let x(o) = 7*o**2 + 93*o + 15. What is x(-13)?
-11
Let u(t) = 2*t**2 + t - 453. Determine u(0).
-453
Let d(k) = -63*k + 3721. Determine d(59).
4
Let l(j) = -j**3 + 11*j**2 - 9*j - 34. What is l(10)?
-24
Let r(h) = -40*h - 562. Give r(-14).
-2
Let b(y) = 16*y**2 - 16*y - 90. Give b(-4).
230
Let m(z) = -691*z - 20753. Calculate m(-30).
-23
Let n(a) = 13*a + 418. Determine n(-11).
275
Let n(r) = 9*r**2 + 267*r + 403. Calculate n(-28).
-17
Let w(n) = -7*n**2 + 45*n + 34. Calculate w(7).
6
Let c(b) = b**2 + 221*b + 888. Give c(-4).
20
Let r(l) = 2*l**3 - 22*l**2 - 86*l - 15. What is r(14)?
-43
Let s(a) = -4*a**2 + 20*a + 3. Give s(-7).
-333
Let b(y) = -y**2 + 53*y + 228. Determine b(-4).
0
Let k(s) = -9*s**3 - 8*s**2 - 7*s - 5. Give k(-3).
187
Let u(b) = b**2 - 283*b - 11144. Give u(-35).
-14
Let i(g) = -99*g - 507. Calculate i(-7).
186
Let b(u) = -441*u + 1683. What is b(4)?
-81
Let r(f) = -f**2 + 11*f + 3756. Calculate r(-56).
4
Let k(m) = m**2 - 66*m + 393. Calculate k(59).
-20
Let o(x) = -122*x - 5655. Determine o(-46).
-43
Let y(d) = d**3 + 216*d**2 - 15*d - 3242. Calculate y(-216).
-2
Let m(t) = -2*t**2 - 17*t - 58. What is m(-5)?
-23
Let x(c) = 5*c**3 - 31*c**2 + 13*c - 39. Calculate x(6).
3
Let d(k) = k**2 + 29*k - 139. Calculate d(-37).
157
Let n(q) = -32*q + 232. Give n(9).
-56
Let p(a) = a**2 - 25*a + 12. Give p(19).
-102
Let k(j) = -j**3 - 13*j**2 - 19*j + 23. Give k(-3).
-10
Let j(r) = -621*r**3 + r**2 + 3*r - 5. What is j(1)?
-622
Let q(o) = -o**3 + 20*o**2 - 29*o - 120. What is q(18)?
6
Let o(u) = -u**3 + 6*u**2 + 7*u + 77. Calculate o(11).
-451
Let g(m) = m**3 - 11*m**2 - 74*m - 45. Determine g(16).
51
Let t(f) = f**3 + 21*f**2 - 27*f - 92. Determine t(-22).
18
Let x(v) = -21*v - 278. Give x(-12).
-26
Let r(w) = 2*w**3 + 36*w**2 + 150*w + 111. What is r(-5)?
11
Let l(n) = 4*n - 65. Determine l(2).
-57
Let b(x) = 2*x**3 + 105*x**2 + 53*x + 48. Calculate b(-52).
-4
Let a(j) = -28*j**3 - 17*j**2 + 11*j + 7. Calculate a(1).
-27
Let i(c) = -10*c**2 - 286*c - 1443. Determine i(-22).
9
Let n(v) = 9*v**2 - 2*v + 28. Determine n(-3).
115
Let m(c) = -2*c**2 - 79*c + 119. Determine m(-40).
79
Let t(k) = -12*k + 349. What is t(27)?
25
Let n(u) = -129*u - 1291. What is n(-10)?
-1
Let y(f) = 379*f + 803. Determine y(-2).
45
Let w(s) = -s**2 + 156*s + 3316. Give w(-19).
-9
Let d(n) = -921*n + 1826. Give d(2).
-16
Let w(b) = b**3 - 10*b**2 + 43*b - 121. Give w(6).
-7
Let l(r) = 94*r - 24721. Determine l(263).
1
Let p(r) = -r**3 - 20*r**2 - 40*r + 188. Calculate p(-17).
1
Let q(k) = 630*k - 370. Calculate q(1).
260
Let t(z) = 72*z + 5172. What is t(-72)?
-12
Let u(d) = 41*d + 40. Give u(-2).
-42
Let a(w) = -132*w - 2860. What is a(-22)?
44
Let x(n) = -2*n**2 + 94*n - 375. Calculate x(43).
-31
Let c(j) = j**3 + 41*j**2 + 530*j + 2081. What is c(-16)?
1
Let z(s) = 4*s**2 + 39*s + 19. What is z(-7)?
-58
Let q(n) = n**2 + 9*n. What is q(-12)?
36
Let y(u) = 10*u**2 + 56*u + 70. Determine y(-3).
-8
Let h(l) = -145*l - 584. What is h(-4)?
-4
Let s(c) = 9331*c + 9330. What is s(-1)?
-1
Let i(u) = -2*u**3 + 150*u**2 - 289*u - 227. Calculate i(73).
-8
Let r(t) = -t**3 - 90*t**2 - 1979*t - 106. Give r(-38).
8
Let j(l) = 356*l - 324. Calculate j(1).
32
Let q(t) = -t**3 + 12*t**2 + 360*t + 37. What is q(26)?
-67
Let w(k) = 6*k**2 - 24*k - 7. Determine w(3).
-25
Let z(n) = -n**2 + 63*n + 449. What is z(-9)?
-199
Let a(s) = -49*s - 4424. What is a(-94)?
182
Let k(q) = q**2 + 180*q - 5382. What is k(-206)?
-26
Let r(a) = a**3 + 12*a**2 - 2*a - 253. Determine r(-10).
-33
Let g(u) = u**3 + 35*u**2 + 2*u + 100. Give g(-35).
30
Let z(o) = o**3 + 2*o**2 - 6*o - 12. Determine z(-3).
-3
Let u(r) = 18*r + 155. What is u(-9)?
-7
Let n(q) = 5*q**3 - 38*q**2 + 16*q + 5. Calculate n(7).
-30
Let t(i) = -5*i**2 + 117*i + 985. Calculate t(30).
-5
Let y(s) = -16*s**2 - 120*s - 160. Calculate y(-6).
-16
Let d(r) = -4*r**2 + 90*r - 549. Determine d(9).
-63
Let h(d) = 3*d**2 + 7*d - 3. What is h(5)?
107
Let u(z) = 25*z**2 - 5*z + 21. Calculate u(-3).
261
Let h(n) = -8*n**3 - 354*n**2 - 109*n - 924. Give h(-44).
0
Let n(s) = -s**3 + 63*s**2 - 127*s + 319. What is n(61)?
14
Let b(i) = 367*i + 10291. Calculate b(-28).
15
Let a(s) = -s**3 + 13*s**2 + 17*s - 13. Determine a(14).
29
Let i(z) = -879*z + 3506. Determine i(4).
-10
Let a(g) = g**2 + 19*g + 27. What is a(0)?
27
Let j(p) = -p**3 - 44*p**2 - 87*p - 126. Determine j(-42).
0
Let y(q) = -216*q**2 + 7*q + 3. Give y(-1).
-220
Let u(f) = -47*f - 796. Calculate u(-18).
50
Let f(v) = v**2 - 18*v + 2. Calculate f(18).
2
Let m(a) = -a**3 - 20*a**2 - 60*a + 34. What is m(-17)?
187
Let i(j) = -637*j - 3958. What is i(-6)?
-136
Let t(x) = 160*x + 7698. Calculate t(-48).
18
Let a(r) = -93*r - 371. Determine a(-5).
94
Let c(f) = -5*f**2 - 144*f - 152. Determine c(-28).
-40
Let p(n) = 7*n**3 - 49*n**2 + 6*n - 53. Give p(7).
-11
Let i(x) = -x**2 + 74*x - 892. Determine i(60).
-52
Let k(l) = 29*l - 362. Determine k(12).
-14
Let k(m) = 55*m**3 - 4*m**2 + 8*m + 17. Determine k(-2).
-455
Let l(u) = 2*u**3 + 199*u**2 + 98*u - 115. Give l(-99).
-16
Let z(m) = m**3 + 107*m**2 + 108*m + 207. What is z(-106)?
-5
Let x(b) = b**2 - 1006*b + 6991. What is x(7)?
-2
Let x(s) = s**3 + 35*s**2 + 34*s - 53. Determine x(-34).
-53
Let s(b) = 8*b + 150. Give s(-27).
-66
Let m(c) = c**2 - 273*c - 10433. What is m(-34)?
5
Let w(h) = -226*h + 1605. Calculate w(7).
23
Let y(n) = 5*n**2 - 192*n + 237. What is y(37)?
-22
Let f(u) = 18*u**2 + 1332*u + 73. Calculate f(-74).
73
Let c(o) = -5*o - 32. What is c(-4)?
-12
Let h(k) = -377*k**2 + 757*k - 3. What is h(2)?
3
Let m(k) = -k**2 - 30*k - 140. Give m(-7).
21
Let c(p) = 2*p**3 - 29*p**2 - 79*p + 922. Give c(15).
-38
Let m(z) = -29*z - 1545. What is m(-57)?
108
Let a(p) = p**2 - 1073*p - 9728. What is a(-9)?
10
Let h(g) = g**3 - 68*g**2 + 133*g - 60. What is h(66)?
6
Let h(p) = 9*p**2 + 6*p + 8. Determine h(-3).
71
Let w(a) = -a**2 - 20*a - 104. Calculate w(-12).
-8
Let o(l) = l**2 - 103*l + 1707. Calculate o(22).
-75
Let p(m) = m**3 - 18*m**2 - 37*m - 70. Determine p(20).
-10
Let o(y) = -2364*y + 7102. Calculate o(3).
10
Let m(y) = 19*y**2 - 110*y + 12. What is m(6)?
36
Let q(a) = a**3 - 7*a**2 - 29*a + 3. Calculate q(3).
-120
Let c(g) = -20*g**2 - 515*g + 196. Give c(-26).
66
Let c(x) = 2*x**2 + 32*x - 124. What is c(-21)?
86
Let w(m) = 22*m - 758. What is w(35)?
12
Let c(p) = p**3 + 27*p**2 + 164*p - 139. What is c(-11)?
-7
Let b(x) = 12*x**2 - 1442*x + 230. Calculate b(120).
-10
Let v(z) = 17*z - 202. Determine v(18).
104
Let f(o) = 2*o**3 + 22*o**2 - 79*o + 13. What is f(-14)?
-57
Let c(t) = -161*t + 647. Determine c(4).
3
Let f(q) = -8*q**2 + 88*q + 389. Determine f(-4).
-91
Let v(u) = u**3 + 12*u**2 + 21*u + 88. Give v(-10).
78
Let r(m) = -m**3 - 13*m**2 - 50*m - 465. Calculate r(-12).
-9
Let o(b) = 193*b - 143. What is o(2)?
243
Let n(j) = 2*j**2 - 44*j + 256. Give n(14).
32
Let f(n) = -2*n**2 + 14*n - 55. What is f(3)?
-31
Let q(b) = -b**3 - 5*b**2 - 6*b - 11. Give q(-2).
-11
Let h(w) = -2*w - 170. Give h(-15).
-140
Let g(d) = -16*d**3 - d**2 + 5*d - 10. Calculate g(2).
-132
Let l(o) = 34*o**3 - o**2 - 4*o - 6. Determine l(3).
891
Let v(c) = 2*c**2 - 213*c + 3660. What is v(85)?
5
Let w(o) = -3*o**2 + 87*o - 662. Determine w(9).
-122
Let c(r) = 27*r**2 + 11*r - 13. Give c(0).
-13
Let k(q) = 1108*q + 21036. Calculate k(-19).
-16
Let q(n) = 2*n**3 - 19*n**2 + 24*n - 178. What is q(9)?
-43
Let y(m) = -m**2 - 41*m + 357. Calculate y(-47).
75
Let u(c) = -16*c**2 + 365*c + 24. Give u(23).
-45
Let a(o) = -o**2 - 39*o - 131. Determine a(-35).
9
Let a(y) = -2*y**3 + 51*y**2 - 245*y - 34. What is a(7)?
64
Let a(q) = -18*q**2 + 933*q + 104. What is a(52)?
-52
Let a(y) = 7*y**2 + 83*y - 5. Determine a(-12).
7
Let s(x) = -x**3 + 28*x**2 - 65*x + 2. Determine s(26).
-336
Let s(b) = -2*b**2 + 30*b + 202. Give s(29).
-610
Let c